 Calculate the highest common factor of j and 20.
20
Suppose -53*c + 56*c - 732 = 0. What is the highest common divisor of c and 8?
4
Let b = 686 + -670. What is the highest common divisor of b and 248?
8
Let j(q) = -17*q + 46. Let o be j(-4). What is the highest common divisor of 57 and o?
57
Let b be (-223 - -23)*(-1 - 1). What is the greatest common divisor of 150 and b?
50
Let z(t) = t**2 - 5*t - 2. Let y be z(6). Let k be -50*(-2)/y*(-2 - -4). Calculate the greatest common divisor of k and 125.
25
Let a be 2/(-6) - 316/(-3). Let g = 40 - 25. Suppose -g = 9*w - 10*w. Calculate the highest common factor of a and w.
15
Suppose 8*m - 6*m - 6 = 0. Suppose -d + m*w = -48, 5*d = -4*w + 105 + 40. Calculate the highest common divisor of 22 and d.
11
Let t be (2 - -1)/(27/18). Suppose t*r = 3*r - 2. Suppose -2*u = r - 26. Calculate the greatest common divisor of 60 and u.
12
Let b be (0 - 2)/10 + (-115413)/(-465). Let s(d) = d**3 - d**2 - 5*d + 3. Let y = -4 - -8. Let i be s(y). Calculate the greatest common factor of b and i.
31
Suppose -h = -6*h - 30. Suppose 8*u + 513 = 27*u. Let n be h*(1 - u/6). Calculate the highest common factor of n and 231.
21
Let a = 130 + -66. Calculate the highest common factor of a and 80.
16
Let k be (6/(-3))/(2/(-24)). Let d = -67 + 127. Calculate the highest common divisor of k and d.
12
Suppose -5*o + 76 = -o. Suppose 0*h - w + 14 = h, -2*h + 18 = 4*w. Calculate the highest common divisor of o and h.
19
Let a be 10/6 - (3 - 220/3). Suppose 4*q + 6*s - 3*s - 81 = 0, 0 = 5*q - 2*s - 84. Calculate the highest common factor of q and a.
18
Suppose 0 = 6*h - 5*h + 2. Let r = h - -3. Let x be (4 - 2 - r)*17. What is the highest common factor of x and 153?
17
Let l be (52/39)/((-2)/(-6)). Let g(u) = -u + 8. Suppose 5*j = j + 16. Let r be g(j). Calculate the highest common divisor of r and l.
4
Let d be (4 + (-45)/18)/((-6)/(-128)). What is the greatest common divisor of d and 48?
16
Let n be (40/30)/(3*4/18). Let f be (n - 5) + 0 - -24 - -3. What is the highest common divisor of 3 and f?
3
Suppose 18*d - 25 = 17*d. Suppose -d = 6*n - 67. Calculate the highest common divisor of 1 and n.
1
Let k(l) = -3*l - 29. Let d be (-2 + -5 + 19)*(-5)/4. Let p be k(d). Calculate the highest common factor of p and 40.
8
Let n(p) = -p + 8. Let u be n(-6). Let r be 98/(-147) + 170/3. What is the greatest common divisor of r and u?
14
Let z = -385 + 389. Calculate the highest common factor of 44 and z.
4
Let m(a) = 4*a**2 - 4*a - 6. Let t be m(2). Let h(v) = 3*v**2 + 2*v. Let x be h(-2). Suppose -x = -t*r - 2. Calculate the greatest common divisor of r and 3.
3
Let y be 3 - -1*(0 - 0). Suppose -q - z + 2 = 0, 0 = y*q + 5*z + 4 - 2. Suppose 30 - 96 = -11*w. What is the highest common divisor of q and w?
6
Let l = 131 + 78. Let c = -114 + l. Suppose -5*j - 5*m = -110, -5*j = 4*m + 29 - 136. Calculate the greatest common divisor of j and c.
19
Let g(m) = 14*m - 37. Let n be g(68). What is the highest common divisor of 15 and n?
15
Let l(m) = 4*m**2 - 3*m. Let f be (-2)/(4 + (-57)/15). Let v be (6/(-5))/(4/f). Let n be l(v). What is the greatest common factor of 9 and n?
9
Let m(q) = q - 2*q - 25 + 4*q. Suppose -16*a = -65 - 95. Let w be m(a). Calculate the highest common divisor of 55 and w.
5
Let d(c) = c**3 + 0*c**2 + 3 - 7*c + 14*c**2 - 25. Let o be d(-15). Let l = 3 - o. Calculate the highest common divisor of l and 29.
29
Let u(d) = -125*d + 44. Let i be u(-4). Calculate the greatest common divisor of 17 and i.
17
Suppose 4*x + 25 = 89. Suppose -54 = 7*v - x*v. Calculate the highest common factor of v and 54.
6
Suppose 9*g - 592 = -160. Suppose -5*q - 42 - 27 = 4*k, -5*q - g = 3*k. Let o = k + 25. Calculate the greatest common divisor of 6 and o.
2
Let l = 3 - -1. Suppose 0 = l*o - 3*f, 26 = 2*o + 7*f - 2*f. Suppose 0 = 8*s - o*s - 40. Calculate the greatest common factor of 12 and s.
4
Let v be 8*3/12*2. Suppose 0 = -l + 44 - v. Let i = 224 - 219. What is the greatest common divisor of l and i?
5
Let c = -1678 - -1910. Calculate the greatest common factor of 32 and c.
8
Let b be 139 - 132 - (-880)/2. Calculate the greatest common factor of b and 149.
149
Suppose -5*o + 65 = -30*u + 31*u, -3*u - o = -139. Calculate the greatest common factor of 75 and u.
15
Let i(n) be the first derivative of -2/3*n**3 + 3*n + 3/2*n**2 - n**4 + 3. Let o be i(-2). Calculate the highest common factor of 7 and o.
7
Suppose 302 - 1814 = -12*z. Let q be 18/7*(6 - -1). What is the highest common divisor of z and q?
18
Suppose -20 = c - 74. What is the greatest common divisor of c and 36?
18
Let b(l) = 2*l + 5. Let f be b(4). Let r be (3/3)/(-1 + 2)*1. Let s be 18 - -83 - (r + -4). What is the highest common factor of s and f?
13
Let x = -96 + 54. Let o = -28 - x. Calculate the greatest common divisor of o and 56.
14
Suppose -3*x = 3*x. Suppose x = -i - 4*i + 130. Calculate the highest common divisor of 130 and i.
26
Let i = 570 - 493. Calculate the highest common factor of 66 and i.
11
Suppose -6 = -10*h + 8*h. Suppose 0 = h*z - 242 - 55. Let f(g) = 2*g**3 - g**2 + 2*g + 11. Let l be f(0). What is the highest common divisor of l and z?
11
Let z = 18 - -81. Let l(q) = q**3 + 4*q**2 - 3*q - 1. Let u be l(-4). Calculate the greatest common divisor of u and z.
11
Let v(a) be the first derivative of -a**2/2 + 2*a + 1. Let i be (-28)/13 + 2/13. Let j be v(i). What is the highest common factor of 4 and j?
4
Suppose 3*r = -11 - 16. Let t be (-47)/(-6) - r/54*1. Calculate the greatest common divisor of 20 and t.
4
Suppose 0*x = x - 3. Suppose -x*y + 17 = -55. What is the greatest common divisor of 192 and y?
24
Suppose 32*d - 25*d = 49. What is the greatest common divisor of d and 35?
7
Suppose -3*q + 26 = -4. Let f be 5/(((-35)/(-84))/5). Calculate the highest common divisor of q and f.
10
Let o(f) = -f**3 - f**2 - f - 4. Let l be o(0). Let r be (6*(-6)/l)/(-1). Let n = r - -18. Calculate the highest common divisor of 27 and n.
9
Suppose 2*x = -2*x + 88. Suppose -c + 0*u + u = 40, -4*c - 3*u - 139 = 0. Let y = -15 - c. Calculate the highest common factor of x and y.
22
Let j(s) = -s**3 + 4*s**2 - s + 4. Let z be j(4). Suppose -2*n - 5*b + 108 = -z*b, 0 = -n + b + 54. Calculate the greatest common divisor of 9 and n.
9
Suppose -5*f - 5*u = -1150, 2*u - 225 = 13*f - 14*f. Calculate the highest common factor of f and 94.
47
Let j be ((-4)/6)/((-47)/10434) - 4. Calculate the greatest common divisor of j and 180.
36
Suppose 0 = -3*c - t + 187, -5*c + 2*c - 2*t = -185. Suppose -109*i - 84 = -111*i. What is the greatest common divisor of c and i?
21
Let x be -5 - -3 - (-76)/2. Let c be (2 - x/8)*-2. Suppose -46 - 29 = -c*n. Calculate the highest common divisor of n and 6.
3
Let l be (-2 - 1)*(-155)/3. Suppose 3*a + l = 2*k, -k + 6 + 39 = 5*a. What is the greatest common divisor of k and 105?
35
Let s(t) = 17*t**2 + 3*t + 4. Let a(j) = -j**2 - 3*j - 1. Let k be a(0). Let o be s(k). What is the highest common divisor of 90 and o?
18
Suppose -5*p + j = -10*p + 11390, -p + 2294 = -3*j. What is the greatest common divisor of 53 and p?
53
Let j(q) = 6*q**2 - 32*q + 18. Let y be -1 - -2 - (-9 + 1). Let t be j(y). What is the highest common divisor of 27 and t?
27
Suppose 3 = -3*t - 12, 0 = -3*r - 2*t - 16. Let a be r/(-4 - (-1195)/300). Calculate the greatest common divisor of 24 and a.
24
Let y(w) = w**3 + w**2 - 2*w + 28. Let j be y(0). Suppose -4*c = -4*q + j, 0 = -5*q + 4*c - 2*c + 35. What is the highest common divisor of q and 91?
7
Suppose 3*z - 12*t = -8*t + 1902, 4*z = t + 2523. What is the greatest common divisor of z and 70?
70
Suppose 2*d + 3 = 3*d + x, 2*d - 6 = -3*x. Let s be 0 + (-12)/(-8)*4. Let i be s/18 - 124/(-6). What is the highest common divisor of i and d?
3
Let z(v) = 22*v. Let h be z(1). Let q = -39 - -41. What is the greatest common divisor of h and q?
2
Let l = -272 + 504. Calculate the highest common factor of 16 and l.
8
Suppose 3*j - 4*d + 0*d - 191 = 0, 0 = 3*d + 6. Suppose 13 = -3*o + j. What is the highest common factor of o and 128?
16
Let w(f) = -3*f**2. Let u be 2 + -2 + (-2 - -1). Let t be w(u). Let m = 57 - t. What is the greatest common factor of 20 and m?
20
Let g = 35 + -26. Let p be (264/(-20) + 0)*15/(-2). Calculate the highest common 